{"id":21170,"date":"2015-05-19T18:25:57","date_gmt":"2015-05-19T16:25:57","guid":{"rendered":"http:\/\/www.wolfgangwerzowa.at\/wp-login.php\/?page_id=21170"},"modified":"2020-05-06T09:26:29","modified_gmt":"2020-05-06T07:26:29","slug":"mein-hund","status":"publish","type":"page","link":"https:\/\/www.wolfgangwerzowa.at\/wp-login.php\/mein-hund\/","title":{"rendered":"mein Hund"},"content":{"rendered":"<div     class=\"vc_row wpb_row section vc_row-fluid\" style=' text-align:left;'><div class=\" full_section_inner clearfix\">\n\t<div class=\"vc_col-sm-12 wpb_column vc_column_container \">\n\t\t<div class=\"wpb_wrapper\">\n\t\t\t\n\t<div class=\"wpb_text_column wpb_content_element \">\n\t\t<div class=\"wpb_wrapper\">\n\t\t\t<p>Meine H\u00fcndin Ella ist sechs Jahr alt und ein Pyren\u00e4ensch\u00e4fer.<br \/>\nSie ist eine gepr\u00fcfte Therapiebegleith\u00fcndin. Wenn Sie es w\u00fcnschen, ist sie in der Therapiestunde anwesend.<\/p>\n<p>Gerne k\u00f6nnen Sie auch Ihren Hund in die Stunde mitnehmen.<\/p>\n\n\t\t<\/div> \n\t<\/div> \n\t\t<\/div> \n\t<\/div> \n<\/div><\/div><div     class=\"vc_row wpb_row section vc_row-fluid\" style=' text-align:left;'><div class=\" full_section_inner clearfix\"><\/div><\/div>\n<p><a href=\"http:\/\/www.wolfgangwerzowa.at\/wp-login.php\/wp-content\/uploads\/2015\/05\/ich-Ella_IV-md.jpg\"><img decoding=\"async\" loading=\"lazy\" class=\"aligncenter size-full wp-image-21463\" src=\"http:\/\/www.wolfgangwerzowa.at\/wp-login.php\/wp-content\/uploads\/2015\/05\/ich-Ella_IV-md.jpg\" alt=\"\" width=\"787\" height=\"629\" srcset=\"https:\/\/www.wolfgangwerzowa.at\/wp-login.php\/wp-content\/uploads\/2015\/05\/ich-Ella_IV-md.jpg 787w, https:\/\/www.wolfgangwerzowa.at\/wp-login.php\/wp-content\/uploads\/2015\/05\/ich-Ella_IV-md-300x240.jpg 300w, https:\/\/www.wolfgangwerzowa.at\/wp-login.php\/wp-content\/uploads\/2015\/05\/ich-Ella_IV-md-768x614.jpg 768w, https:\/\/www.wolfgangwerzowa.at\/wp-login.php\/wp-content\/uploads\/2015\/05\/ich-Ella_IV-md-700x559.jpg 700w\" sizes=\"(max-width: 787px) 100vw, 787px\" \/><\/a><\/p>\n","protected":false},"excerpt":{"rendered":"Meine H\u00fcndin Ella ist sechs Jahr alt und ein Pyren\u00e4ensch\u00e4fer. Sie ist eine gepr\u00fcfte Therapiebegleith\u00fcndin. Wenn Sie es w\u00fcnschen, ist sie in der Therapiestunde anwesend. Gerne k\u00f6nnen Sie auch Ihren Hund in die Stunde mitnehmen.","protected":false},"author":1,"featured_media":0,"parent":0,"menu_order":0,"comment_status":"open","ping_status":"open","template":"","meta":[],"_links":{"self":[{"href":"https:\/\/www.wolfgangwerzowa.at\/wp-login.php\/wp-json\/wp\/v2\/pages\/21170"}],"collection":[{"href":"https:\/\/www.wolfgangwerzowa.at\/wp-login.php\/wp-json\/wp\/v2\/pages"}],"about":[{"href":"https:\/\/www.wolfgangwerzowa.at\/wp-login.php\/wp-json\/wp\/v2\/types\/page"}],"author":[{"embeddable":true,"href":"https:\/\/www.wolfgangwerzowa.at\/wp-login.php\/wp-json\/wp\/v2\/users\/1"}],"replies":[{"embeddable":true,"href":"https:\/\/www.wolfgangwerzowa.at\/wp-login.php\/wp-json\/wp\/v2\/comments?post=21170"}],"version-history":[{"count":13,"href":"https:\/\/www.wolfgangwerzowa.at\/wp-login.php\/wp-json\/wp\/v2\/pages\/21170\/revisions"}],"predecessor-version":[{"id":21493,"href":"https:\/\/www.wolfgangwerzowa.at\/wp-login.php\/wp-json\/wp\/v2\/pages\/21170\/revisions\/21493"}],"wp:attachment":[{"href":"https:\/\/www.wolfgangwerzowa.at\/wp-login.php\/wp-json\/wp\/v2\/media?parent=21170"}],"curies":[{"name":"wp","href":"https:\/\/api.w.org\/{rel}","templated":true}]}}